6/s)?
0
Suppose -3*d + 15 = 0, 3*t - 5*d - 35 = t. What is the tens digit of t?
3
Suppose 3*v - d + 85 = 0, 5*d - 46 = 3*v + 43. Let i = v - -47. What is the tens digit of i?
1
Let x(q) = q**2 - 7*q - 8. Let v be x(8). Suppose v = 3*w, -18 = -d - d + 2*w. What is the units digit of d?
9
Suppose 0*l - 30 = -3*l. Suppose 3*n - l = 5. Suppose -n*j + 0*j = -80. What is the units digit of j?
6
Let n be (-38)/(-14) + (-18)/(-63). Let i = 9 + n. What is the units digit of i?
2
Let j be 50/(-6) - 3/(-9). What is the tens digit of (j/(-5))/(1/10)?
1
Suppose -15 = 2*p - 5*w, 2 = 5*p + w - 1. Suppose -4*j - g + 24 = 0, -g + p*g + 9 = j. What is the units digit of j?
5
Suppose -2*v + 31 = -5*t, 2*v - 2*t - 40 = -0*t. Suppose -2*k + 5 = -3*y, v = -2*k - 2*k - 5*y. Let f = 3 + k. What is the units digit of f?
1
Let c(h) = -h**3 + 6*h**2 - 5*h - 2. Let f be c(5). Let b be (10/15)/(f/(-9)). What is the tens digit of -5 + b - (0 - 15)?
1
Let h(u) = -24*u. What is the units digit of h(-1)?
4
Suppose 0 = c - 3*t, 2*c - 14 = -4*t + 6. Let l be 10/6 + 2/c. Suppose 2*k - 14 = l. What is the units digit of k?
8
Let q = -18 + 35. Let z = 18 - q. What is the units digit of z?
1
Suppose -324 - 156 = -5*v. What is the units digit of v?
6
Let a(o) = 9*o + 6. What is the tens digit of a(4)?
4
Suppose -5*z = -4*z - 135. Suppose 3*i + 0*i = z. What is the tens digit of i?
4
Suppose -4*y + 122 = 26. What is the tens digit of y?
2
Suppose 1 = -4*v + 9. Let w be ((-1)/v)/(2/(-112)). Suppose -4*u + w + 8 = 0. What is the units digit of u?
9
Suppose -3*x + 81 = -7*x - 5*j, 35 = -2*x + 3*j. Let t = x + 37. What is the tens digit of t?
1
Suppose -b + 5*z = -27, 5*b + 3*z + 2 + 3 = 0. Suppose b*j + 3 = -31. Let d = j - -28. What is the units digit of d?
1
Let m(b) = 4*b - 3. Let u be m(2). Suppose -u*p + 3 = -2. What is the units digit of p?
1
What is the tens digit of (-366)/(-8) + (-4)/(-16)?
4
Suppose 2*v = -5*s + 292, -7*s + 5*v = -2*s - 320. What is the units digit of s?
0
Suppose w = 63 + 10. What is the tens digit of w?
7
Let s be 13*(-4)/4*-1. Suppose 3*o - 4*h - 20 = 0, 0 = o + 2*h + 3*h - s. What is the units digit of o?
8
Suppose -3*t = -0*t - 63. What is the tens digit of ((-20)/(-15))/(2/t)?
1
Let s = -9 + 39. Let t = -35 - -83. Let k = t - s. What is the tens digit of k?
1
Let p(t) = -t - 3. Let b be p(-3). Let s = 2 + b. What is the units digit of (6/9)/(s/27)?
9
Suppose 3*a - 4*z = 289, a + z + 95 = 2*a. What is the tens digit of a?
9
Suppose -3*k + 12 = -2*k. Let z = k - 6. What is the units digit of z?
6
Let c = 89 - 45. Let h = -31 + c. What is the tens digit of h?
1
Let r(s) = 6*s**2 - s + 1. Suppose -y - 3*y = -4. Suppose v = 2 - y. What is the units digit of r(v)?
6
Let l(q) = -125*q - 12. What is the units digit of l(-2)?
8
Suppose 3*t = -67 - 17. Let r = t + 43. What is the tens digit of r?
1
Let l(v) = 2*v**2 + 3*v - 3. Let x(o) = o**3 - 7*o**2 + 5*o + 1. Let h be x(6). What is the tens digit of l(h)?
3
Let o(b) = 18*b + 0*b - 5*b. Let h be o(1). Suppose q - h = -3*c, c = -3*c - q + 19. What is the units digit of c?
6
Let h be (2/5)/(3/120). Let m = 8 + h. Suppose 2*d - 4*v = m, 2*d + 2*v - 36 = -d. What is the units digit of d?
2
Suppose -8*l - 565 + 1413 = 0. What is the units digit of l?
6
What is the tens digit of ((-3)/(9/(-11)))/((-2)/(-48))?
8
Suppose 21*t - 954 = 18*t. What is the tens digit of t?
1
Suppose 2*o - 35 = -3. Suppose -h + l + o = 0, -4*h - 2*l + 0*l = -58. Suppose 0 = -4*y - h + 55. What is the units digit of y?
0
Let i be -7 + (-1 - 0) - -1. Let a = 11 + i. Suppose w - 3 - 10 = -a*r, -4*r = 2*w - 26. What is the units digit of w?
3
What is the units digit of (-67)/(-5) + (-26)/65?
3
Suppose 3*w = -w + 16. Suppose -q + 80 = w*q. Suppose 0 = 4*x - 0*x - q. What is the units digit of x?
4
Suppose 3*r = -5*l - 109, 0 = 5*l + r - 3*r + 119. Let f = l + 33. Suppose f*v - 5*v = 35. What is the units digit of v?
7
Let a(x) = x**2 + 5*x + 4. Let q be a(-5). Suppose m - 55 = -q*m. Suppose -4*z = -21 - m. What is the units digit of z?
8
Suppose 0 = -t + 1 + 2, 3*t - 10 = -r. Let d = r - 6. Let f = -1 - d. What is the units digit of f?
4
Let y(m) = -m. Let p = -7 - -5. Let v be y(p). Suppose 0*b = -v*b + 24. What is the tens digit of b?
1
Suppose -4*y - 3*t = -7*t + 4, 0 = 4*t - 8. What is the units digit of 2 - 5/y*-1?
7
Let k(j) = j**3 - 4*j**2 + 2*j - 2. Let d be k(4). Suppose -b = -d*b + 60. What is the units digit of b?
2
Suppose 0 = 3*n + 2*n. Suppose 31 = -n*z + z + 2*v, 4*z - v - 124 = 0. What is the tens digit of z?
3
Let p = -6 + -3. Let l(m) = -5*m**3 + m**2 - 2*m. Let s(u) = -11*u**3 + u**2 - 4*u. Let y(k) = p*l(k) + 4*s(k). What is the units digit of y(5)?
0
Let r(o) = -2*o + 58. What is the hundreds digit of r(-25)?
1
Suppose 39*z = 44*z - 605. What is the units digit of z?
1
Let i = -3 - -1. Let s = i + -3. Let u = s - -7. What is the units digit of u?
2
Suppose -5*q = -4*i - 112, -5*i - 3 = -4*i. Suppose q = 4*p, 5*p + 24 + 51 = 4*z. What is the tens digit of z?
2
Suppose c - 3*c = -4. Suppose 0 = 3*a - 5*a + c*g, 0 = 5*g + 15. Let h = 2 - a. What is the units digit of h?
5
Suppose 2*j - 45 + 10 = 5*m, -2*m = -4*j + 62. Let k = 44 - j. What is the units digit of k?
9
Suppose 0*v - 3*v + 999 = 0. What is the hundreds digit of v?
3
Suppose 12 + 32 = q + l, 3*q + 4*l = 131. What is the tens digit of q?
4
Suppose 16 = 4*k - 20. Suppose -5*t - 6 = k. What is the units digit of ((-16)/t)/((-8)/(-12))?
8
What is the units digit of (1/((-3)/(-171)))/(2 + -1)?
7
What is the hundreds digit of ((-428)/5)/((-8)/20)?
2
Let b(n) = 12*n**3 - 2*n**2 + 1. Let u be b(1). Suppose 10*i = u*i - 14. What is the units digit of i?
4
Let z = 6 + -2. Let x(l) = l**2 + 4*l + 3. Let n be x(-4). Suppose n = -4*y + 5*u + 11, 0 = z*u. What is the units digit of y?
2
Let h(g) = 3*g - 5. What is the units digit of h(4)?
7
Let c(h) = 25*h + 5. Let f be c(5). Suppose 5*j = -0*j + f. What is the units digit of j?
6
Let c = 0 + 2. Let j be 32/6 - (-2)/(-6). Suppose r - 2*z + j = -5*z, -z = 4*r - c. What is the units digit of r?
1
Let i(d) = 35*d**3 - d + 2. What is the tens digit of i(1)?
3
Let y(q) = 2*q**3 - 6*q**2 - 7*q + 7. What is the tens digit of y(5)?
7
What is the units digit of (-1420)/(-16) + 9/(-12)?
8
Suppose -6*c = -3*c + 12. What is the tens digit of 25 + (-3)/(6/c)?
2
Suppose -2*t = 2*t - 132. Let h be -20 + (2 - 2) + 0. Let p = t + h. What is the tens digit of p?
1
What is the hundreds digit of (-3 - -2)/(3/(-351))?
1
Let n(m) = -m**3 - 4*m**2 - 4*m. What is the tens digit of n(-4)?
1
Let w(y) = -y**2 - 7*y - 6. Let h be w(-5). Let x(q) = -2*q. Let f(v) = 5*v - 3. Let j(i) = 2*f(i) + 4*x(i). What is the units digit of j(h)?
2
Let o(s) = -s**2 - 6*s + 21. What is the units digit of o(-8)?
5
Suppose 2*v + 2*v = -4*f + 204, -2*f - 3*v + 105 = 0. What is the tens digit of f?
4
Let o(k) = -k**2 - 11*k - 10. Let p(j) = -j**3 + 6*j**2 - 8*j + 7. Let v be p(5). What is the tens digit of o(v)?
1
Let h(c) = 11*c + 2. What is the units digit of h(12)?
4
Let a = -10 - -31. What is the tens digit of a?
2
Let u be 2 + 3*(-51)/(-9). What is the units digit of u/2 - (-5)/(-10)?
9
Let s(n) = n - 1 - 4 + 3*n. What is the tens digit of s(4)?
1
Let f(t) = 7*t + 10. What is the units digit of f(6)?
2
Let b(g) = 20*g**3 - g**2 - g. Let k be b(-1). Let y(v) = -v + 16. Let l be y(-13). Let r = l + k. What is the units digit of r?
9
Let v = 288 + -182. What is the tens digit of v?
0
Suppose 0 = f + 4, f - 4 = -2*o - 2*o. Suppose 10 = o*z - 16. What is the units digit of z?
3
Suppose -229 = -7*g + 989. What is the tens digit of g?
7
Suppose -2*k - 2*o = -5*o - 11, -2*k + 4*o + 10 = 0. Suppose 3*z - k - 8 = 0. Let a = z - -10. What is the tens digit of a?
1
Let s(i) be the second derivative of 7*i**5/20 - i**4/12 + i**2/2 - 2*i. What is the units digit of s(1)?
7
Let z be -1 + (-3)/(-1) + 2. Suppose 28 = z*h + r - 3*r, -3*h - 3*r = -3. What is the units digit of h?
5
Suppose -3*b = b + 3*r + 2, -5*b + r - 12 = 0. Let k = 1 - b. Suppose -k*v - 6 = 0, -3*v = 5*j - 5 - 19. What is the units digit of j?
6
Let u be ((-3)/9)/(1/(-9)). Suppose t + 23 = 5*p - 2*t, u*p = 5*t + 1. Let f(h) = -h**3 + 7*h**2 + h + 6. What is the tens digit of f(p)?
1
Let x(l) be the first derivative o